{"id":189,"date":"2010-09-27T16:26:20","date_gmt":"2010-09-27T15:26:20","guid":{"rendered":"https:\/\/www.rolfer.in\/?page_id=189"},"modified":"2024-11-08T17:02:02","modified_gmt":"2024-11-08T16:02:02","slug":"preise","status":"publish","type":"page","link":"https:\/\/www.rolfer.in\/?page_id=189","title":{"rendered":"Preise"},"content":{"rendered":"<p><span style=\"color: #000080;\">Eine Behandlung kostet 140 Euro und dauert 50 &#8211; 70 Minuten<br \/>\n<\/span><\/p>\n<p><span style=\"color: #000080;\">Babys behandle ich umsonst, Kinder kosten je nach Alter und Behandlungszeit weniger.<\/span><\/p>\n<p><span style=\"color: #000080;\">\u00a0<\/span><\/p>\n<p>_____________________________________<\/p>\n<p><em><span style=\"color: #000080;\">Ich schreibe erstattungsf\u00e4hige Rechnungen nach der Geb\u00fcH (Geb\u00fchrenverordnung f\u00fcr HeilpraktikerInnen) . Sprich mich an wenn Du nicht wei\u00dft ob Du abrechnungsberrechtigt bist oder wenn Du meine Preise nicht bezahlen kannst, obwohl Du sehr gerne eine Rolfing\u00ae Reise bei mir buchen m\u00f6chtest.<\/span><\/em><\/p>\n<p><em><span style=\"color: #000080;\">\u00a0<\/span><\/em><\/p>\n<p><span style=\"color: #000080;\"><em>\u00a0<\/em><\/span><\/p>\n<p><span style=\"color: #000080;\"><em><br \/>\n<\/em> <\/span><\/p>\n","protected":false},"excerpt":{"rendered":"<p>Eine Behandlung kostet 140 Euro und dauert 50 &#8211; 70 Minuten Babys behandle ich umsonst, Kinder kosten je nach Alter und Behandlungszeit weniger. \u00a0 _____________________________________ Ich schreibe erstattungsf\u00e4hige Rechnungen nach der Geb\u00fcH (Geb\u00fchrenverordnung f\u00fcr HeilpraktikerInnen) . Sprich mich an wenn Du nicht wei\u00dft ob Du abrechnungsberrechtigt bist oder wenn Du meine Preise nicht bezahlen kannst, [&hellip;]<\/p>\n","protected":false},"author":2,"featured_media":0,"parent":0,"menu_order":5,"comment_status":"closed","ping_status":"closed","template":"","meta":{"footnotes":""},"class_list":["post-189","page","type-page","status-publish","hentry"],"_links":{"self":[{"href":"https:\/\/www.rolfer.in\/index.php?rest_route=\/wp\/v2\/pages\/189","targetHints":{"allow":["GET"]}}],"collection":[{"href":"https:\/\/www.rolfer.in\/index.php?rest_route=\/wp\/v2\/pages"}],"about":[{"href":"https:\/\/www.rolfer.in\/index.php?rest_route=\/wp\/v2\/types\/page"}],"author":[{"embeddable":true,"href":"https:\/\/www.rolfer.in\/index.php?rest_route=\/wp\/v2\/users\/2"}],"replies":[{"embeddable":true,"href":"https:\/\/www.rolfer.in\/index.php?rest_route=%2Fwp%2Fv2%2Fcomments&post=189"}],"version-history":[{"count":24,"href":"https:\/\/www.rolfer.in\/index.php?rest_route=\/wp\/v2\/pages\/189\/revisions"}],"predecessor-version":[{"id":1632,"href":"https:\/\/www.rolfer.in\/index.php?rest_route=\/wp\/v2\/pages\/189\/revisions\/1632"}],"wp:attachment":[{"href":"https:\/\/www.rolfer.in\/index.php?rest_route=%2Fwp%2Fv2%2Fmedia&parent=189"}],"curies":[{"name":"wp","href":"https:\/\/api.w.org\/{rel}","templated":true}]}}